1. Suppose -30 = -2*g - 2*u, 5*g - u + 5*u - 76 = 0. What is the highest common divisor of g and j?
16
Let q = 167 - 107. What is the highest common factor of 150 and q?
30
Suppose 3*h + 41 = 119. Let y be (-46)/(-1 + (3 - 0/3)). Let q = y + h. Calculate the greatest common factor of q and 6.
3
Suppose 17*m - 27885 = -22*m. What is the highest common divisor of 110 and m?
55
Let j = 65 + -58. Let l(r) = -r**2 + 4*r + 32. Let k be l(j). Calculate the greatest common factor of k and 44.
11
Let t(c) = c**2 - 28*c + 58. Let x be t(30). Let f = x + -64. Calculate the highest common factor of 6 and f.
6
Let a = 309 + -217. Suppose -4*x = 4*v - 228, -v - 5*x - 16 = -89. Let b = a + v. Calculate the greatest common divisor of 29 and b.
29
Suppose -4*r + g + 11 = -r, 0 = -4*r - 3*g + 6. Suppose -r*t + 25 = 5*w, 4 = -t - 1. Calculate the greatest common divisor of 32 and w.
8
Let x(y) = 365*y + 145. Let r be x(2). Calculate the greatest common divisor of 35 and r.
35
Let r(o) = o**3 + 9*o**2 - 2*o + 42. Let u be r(-9). What is the greatest common divisor of u and 120?
60
Let u be 11 - (1 + 12/3). Calculate the greatest common divisor of u and 48.
6
Suppose 312 = -9*f + 11*f. Let h be ((-11)/(-4))/(3/f). What is the highest common factor of h and 13?
13
Let w = 571 + -515. Calculate the greatest common factor of w and 1512.
56
Suppose 22 = 4*n - 3*n - q, 3 = -q. Let r = 38 - n. Let v(c) = 10*c - 94. Let y be v(17). What is the greatest common divisor of r and y?
19
Let p be (-223)/5 + 6/(-15). Let g = p + 75. Suppose 77*z - 45 = 68*z. What is the greatest common factor of g and z?
5
Let b(t) = -t**2 + 31*t - 38. Let l be b(29). Let g(r) = -r**2 - 9*r - 3. Let a be g(-8). Calculate the highest common divisor of a and l.
5
Suppose -3*t + 435 = 5*g, 5*g + 94 + 31 = t. Calculate the highest common factor of 56 and t.
28
Suppose 0 = 175*w - 183*w + 1624. What is the greatest common factor of w and 319?
29
Let t be (-3 - 0)*(-121)/3. Let p = -4144 - -4155. Calculate the highest common factor of p and t.
11
Let r = 604 + -420. Suppose -y = -61 - r. What is the greatest common divisor of y and 35?
35
Suppose 3*r = 10*r - 133. Let z be (2 + r)/(0 + 4/8). Calculate the greatest common factor of 28 and z.
14
Let c(o) = -o**3 + 17*o**2 - 37*o - 19. Let r be c(13). Calculate the greatest common factor of r and 96.
16
Let t(h) = -h**3 - 8*h**2 - 6*h + 27. Let x be t(-7). Let u be 12*(-1 + (-5)/(-3)). Calculate the highest common divisor of u and x.
4
Let z be -4 + 11/((-132)/(-1968)). Suppose 60 = 4*j - j. What is the highest common divisor of j and z?
20
Suppose -7*n + 103 = 19. Let a = 23 - -13. Calculate the greatest common divisor of a and n.
12
Suppose h = -5 - 1. Let s = h + 13. Suppose 3*d - 2*g = 42, -d + 3*g = s*g - 28. What is the highest common factor of d and 144?
16
Suppose 0 = 3*c + 2*z - 702, -c - 470 = -3*c - 2*z. What is the highest common factor of c and 8?
8
Let t(z) = -21*z - 2. Let v be t(-2). Let o be 363/15 - (-4)/(-20). Let m be o/5*v/12. What is the greatest common factor of 8 and m?
8
Let i be (-96)/(-60) - (-7364)/35. Calculate the highest common divisor of i and 4.
4
Let t = 6 - 4. Suppose -t*c - 3*c + 75 = 0. Calculate the highest common divisor of 3 and c.
3
Let i = -10 - -26. Suppose 2*h = -0*h + 4. Suppose -8 = -h*t + 24. What is the greatest common divisor of t and i?
16
Let q(l) = l + 15. Suppose 0 = -5*d - 8*p + 4*p - 138, -4*d + 3*p - 98 = 0. Let z = d + 19. Let a be q(z). Calculate the greatest common divisor of a and 20.
4
Suppose 6315*k = 6310*k + 1080. Calculate the greatest common divisor of 312 and k.
24
Let y be ((-7)/(-2))/((-269)/(-3766)). Let f = -7 - -11. Let w(v) = v + 3. Let s be w(f). What is the greatest common divisor of y and s?
7
Suppose -2*v + 11 - 17 = 0. Let l(q) = -18*q - 10. Let d be l(v). Calculate the highest common divisor of 11 and d.
11
Let m be -3 + -1 - (5 - 12). Suppose 0 = -m*g + 5*r + 205, -3*g + 7*g - r = 279. What is the greatest common factor of 28 and g?
14
Let a(f) = -7*f + 10. Let o(c) = -36*c + 51. Let h(q) = 11*a(q) - 2*o(q). Let u be h(-4). Calculate the highest common divisor of 8 and u.
4
Let i = -15 + 55. Suppose 4*t - 3*s = 2*t + 49, 2*s - 94 = -5*t. What is the greatest common divisor of t and i?
20
Let m be 16/36 + 474/27. Calculate the highest common factor of m and 909.
9
Let z(u) = u - 12. Let g be z(5). Let b be g - -7 - (-114 + 0). Calculate the greatest common divisor of b and 19.
19
Let f = -991 + 995. Calculate the greatest common divisor of f and 84.
4
Suppose 0 = -4*y - 83 - 109. Let t be (14/(-8))/(12/y). What is the highest common factor of 56 and t?
7
Suppose 18*r - 200 = 14*r. Suppose o - r = 40. Calculate the highest common factor of o and 10.
10
Let h(y) = 2*y**3 + 27*y**2 + 3*y + 252. Let v be h(-14). Suppose 0 = -4*o + o + 6. What is the greatest common factor of v and o?
2
Let g(i) = -i**2 - 24*i - 60. Let t be g(-5). Let n = 1 - -3. Suppose n*c - 3*c - 14 = 0. What is the greatest common divisor of c and t?
7
Let i be (0 + 92)/((-9)/(-9)*2). Calculate the highest common factor of i and 161.
23
Suppose 0 = -3*s - 4*l - 16, 4*s - 4 = s + l. Suppose s = b + 33 - 5. Let h = b - -46. What is the highest common factor of h and 18?
18
Let w = 478 + -229. Suppose -244 = -3*u - 4*t, 3*u + 2*t - w = -t. What is the highest common divisor of u and 8?
8
Suppose -96 = -4*a - 6*w + 2*w, 0 = -a - 3*w + 20. Let q = -10 + a. Let v be (0 + 1)*1 + 3. Calculate the highest common factor of v and q.
4
Suppose -4*d = -6*m + 4*m - 280, -5*m = 0. Calculate the highest common divisor of 70 and d.
70
Let u(l) = -l**3 + 19*l**2 + 30*l - 78. Let a be u(16). Calculate the greatest common factor of a and 10.
10
Let x(r) = 11*r - 7*r**2 - 23*r + 10*r - 2*r**3 + 3*r**2 - 7. Let l be x(-3). What is the greatest common factor of 136 and l?
17
Let n be 20/15 - 50/6. Let m(a) = -a**2 - 14*a. Let x be m(n). Suppose 6*i + 41 = 5*b + 4*i, 5*i + 50 = 5*b. Calculate the highest common divisor of x and b.
7
Let o(h) = -h**2 - 8*h - 7. Let u be o(-6). Suppose -4*x + 98 = -u*a + 3*a, 2*x - 39 = -a. What is the highest common divisor of x and 11?
11
Let b be 76 - (4 + -8 - -4 - 0). What is the highest common factor of 4 and b?
4
Suppose -15*n + 4273 = -1757. Let r = -270 + n. What is the highest common divisor of r and 88?
44
Suppose -2*c = -11 - 21. Suppose -4*l = l - 5. Suppose -4*b + l = -7. Calculate the highest common factor of b and c.
2
Let k be (-3 + (-4 - -11))*2. Suppose 131 = 4*d + z, -4*d = -0*d + 3*z - 137. What is the greatest common divisor of k and d?
8
Let l(y) = -21*y + 371. Let g be l(9). Calculate the greatest common divisor of g and 7.
7
Let m = 415 - 271. Calculate the greatest common divisor of 32 and m.
16
Let z(p) = -p**3 + 3*p**2 - 4*p + 5. Let u be z(5). Let d = -61 - u. Let w = -29 + 45. What is the highest common factor of w and d?
4
Let k(x) = 2*x**3 - x**2 - 10*x + 7. Let d be k(6). What is the greatest common divisor of 98 and d?
49
Let h be (-8 - -10) + 3 + -1. Suppose -y - 4*y + 27 = h*m, -9 = -y - 2*m. What is the highest common factor of y and 6?
3
Suppose -7*m + 24*m = 1530. Calculate the highest common divisor of m and 120.
30
Suppose -192 = -31*h + 242. What is the greatest common factor of h and 371?
7
Let g(x) = -x**2 - 8*x - 2. Let r be g(8). Let h be (1*-2)/(5/r). Suppose 0 = -6*z + 2*z + h. Calculate the greatest common divisor of z and 13.
13
Let s(u) = -u**3 + 6*u**2 - 10*u + 18. Let o be s(4). Let f = -61 + 101. What is the greatest common factor of f and o?
10
Suppose -3*h = 83 - 128. Suppose 20*t = h*t + 55. What is the highest common divisor of t and 55?
11
Suppose -15*a = -10*a - 400. Let g(k) = -k**3 + 7*k**2 - 6*k - 4. Let m be g(5). Suppose 0*i = -2*i + m. Calculate the greatest common factor of a and i.
8
Suppose 22 - 18 = y. Let q(h) = 2*h**2 + 4*h - 9. Let i be q(y). Calculate the greatest common factor of i and 52.
13
Let z = -21 - -54. Let g = 145 + -138. Suppose 5*w - 2*j - 1790 = -g*j, 5*j + 1477 = 4*w. What is the highest common factor of z and w?
33
Suppose 0 = -5*a + 12*a - 14. Calculate the greatest common factor of 10 and a.
2
Let l be (-8)/16 + (-45)/(-2). Calculate the greatest common divisor of l and 44.
22
Suppose 0 = 3*m + 3*m - 336. W